{"id":130,"date":"2024-10-21T14:26:46","date_gmt":"2024-10-21T14:26:46","guid":{"rendered":"https:\/\/www.receitaspet.com.br\/petshop\/?post_type=product&#038;p=130"},"modified":"2024-11-10T12:50:33","modified_gmt":"2024-11-10T12:50:33","slug":"ebook-airedale-terrier","status":"publish","type":"product","link":"https:\/\/www.receitaspet.com.br\/petshop\/produto\/ebook-airedale-terrier\/","title":{"rendered":"eBook Airedale Terrier"},"content":{"rendered":"<h2><span style=\"font-size: 14pt;\">eBook\u00a0Airedale Terrier: O Guia Definitivo para Cuidar, Treinar e Amar o Rei dos Terriers<\/span><\/h2>\n<p>O Airedale Terrier, conhecido como o <strong><a href=\"https:\/\/www.receitaspet.com.br\/petshop\/\">&#8220;Rei dos Terriers<\/a>&#8220;<\/strong>, \u00e9 uma ra\u00e7a ic\u00f4nica que combina for\u00e7a, intelig\u00eancia e uma personalidade cativante.<\/p>\n<p>Origin\u00e1rio do Vale de Aire, na Inglaterra, o Airedale foi criado inicialmente para ca\u00e7ar pequenos animais, como lontras e ratos, mas rapidamente se destacou por sua versatilidade, tornando-se um c\u00e3o de trabalho usado em v\u00e1rias fun\u00e7\u00f5es, desde c\u00e3es de ca\u00e7a at\u00e9 c\u00e3es de guarda e companhia.<\/p>\n<p><iframe title=\"YouTube video player\" src=\"https:\/\/www.youtube.com\/embed\/4DwsK835U7I?si=peyH5Alp4wJBkGe1\" width=\"560\" height=\"315\" frameborder=\"0\" allowfullscreen=\"allowfullscreen\"><\/iframe><\/p>\n<p>Se voc\u00ea est\u00e1 considerando ter um Airedale Terrier ou j\u00e1 \u00e9 dono de um, este guia foi criado para ser o seu companheiro fiel.<\/p>\n<p>Vamos explorar tudo sobre essa ra\u00e7a not\u00e1vel, desde suas origens, temperamento e cuidados essenciais at\u00e9 as melhores t\u00e9cnicas de treinamento.<\/p>\n<p>Cada cap\u00edtulo trar\u00e1 informa\u00e7\u00f5es detalhadas que ajudar\u00e3o voc\u00ea a entender, cuidar e aproveitar ao m\u00e1ximo o conv\u00edvio com o Airedale Terrier.<\/p>\n<p><strong>Veja o que cont\u00e9m no eBook Airedale Terrier:<\/strong><\/p>\n<ul>\n<li>Introdu\u00e7\u00e3o<\/li>\n<li>A Hist\u00f3ria e a Origem do Airedale Terrier<br \/>\nCruzamentos e Evolu\u00e7\u00e3o<\/li>\n<li>As Caracter\u00edsticas F\u00edsicas e Temperamentais do Airedale Terrier<\/li>\n<li>Treinamento do Airedale Terrier \u2014 M\u00e9todos, Dicas e Desafios<\/li>\n<li>Sa\u00fade e Cuidados Essenciais do Airedale Terrier<\/li>\n<li>Criando o Ambiente Ideal para o Airedale Terrier<\/li>\n<li>Necessidades Sociais e Emocionais do Airedale Terrier<\/li>\n<li>Como Adotar e Cuidar de um Airedale Terrier \u2014 Do Filhote ao Adulto<\/li>\n<li>Atividades e Esportes para o Airedale Terrier \u2014 Mantendo a Mente e o Corpo Ativos<\/li>\n<li>Conviv\u00eancia entre o Airedale Terrier e Outros Animais \u2014 Garantindo Harmonia no Lar<\/li>\n<li>Cuidados com o Airedale Terrier Idoso \u2014 Garantindo Qualidade de Vida na Terceira Idade<\/li>\n<li>Conclus\u00e3o \u2014 Cuidando do Airedale Terrier com Dedica\u00e7\u00e3o e Amor<\/li>\n<\/ul>\n<p>Voc\u00ea recebe o <strong>eBook Airedale Terrier<\/strong>, em uma dessas op\u00e7\u00f5es: via <strong>E-mail<\/strong>, <strong>Download<\/strong> na sua conta de usu\u00e1rio ou <strong>WhatsApp<\/strong><\/p>\n<p><strong>Detalhes do Produto:<\/strong><\/p>\n<p>eBook em PDF pronto para Leitura<br \/>\n120 P\u00e1ginas Diagramadas e Ilustradas<br \/>\n<strong>Tamanho do Arquivo:<\/strong> 8,56 MB<br \/>\n<strong>Ano Publica\u00e7\u00e3o:<\/strong> 2024<br \/>\n<strong>Idioma:<\/strong> Portugu\u00eas<br \/>\n<strong>Formato:<\/strong> PDF<br \/>\n<strong>Autor:<\/strong> Receitas Pet<\/p>\n<p><a href=\"https:\/\/www.receitaspet.com.br\/sobre-nos\/\" target=\"_blank\" rel=\"noopener\">Saiba mais sobre a Receitas Pet&#8230;<\/a><\/p>\n<h3>eBook Airedale Terrier: Tudo o que Voc\u00ea Precisa Saber Sobre a Ra\u00e7a<\/h3>\n<p>Descubra tudo sobre o <a href=\"https:\/\/www.receitaspet.com.br\/raca-de-cachorro-airedale-terrier\/\" target=\"_blank\" rel=\"noopener\"><strong>Airedale Terrier<\/strong><\/a>, uma das ra\u00e7as mais vers\u00e1teis e ic\u00f4nicas, conhecida por sua intelig\u00eancia, coragem e lealdade.<\/p>\n<p>Neste eBook exclusivo, voc\u00ea ter\u00e1 acesso a um conte\u00fado rico e detalhado sobre a hist\u00f3ria, caracter\u00edsticas, e cuidados necess\u00e1rios para criar e conviver com um Airedale Terrier.<\/p>\n<p>Seja voc\u00ea um tutor experiente ou algu\u00e9m pensando em adotar um c\u00e3o dessa ra\u00e7a, este guia foi feito para proporcionar todas as informa\u00e7\u00f5es essenciais.<\/p>\n<p>No <strong>eBook Airedale Terrier<\/strong>, voc\u00ea vai aprender sobre:<\/p>\n<ul>\n<li><strong>Hist\u00f3ria e origem<\/strong> da ra\u00e7a: desde suas origens como ca\u00e7ador de lontras at\u00e9 seu papel em miss\u00f5es militares.<\/li>\n<li><strong>Personalidade e temperamento<\/strong>: entenda o comportamento t\u00edpico do Airedale e como ele se relaciona com crian\u00e7as, outros animais e estranhos.<\/li>\n<li><strong>Cuidados e manuten\u00e7\u00e3o<\/strong>: dicas pr\u00e1ticas sobre higiene, alimenta\u00e7\u00e3o, e exerc\u00edcios necess\u00e1rios para manter seu Airedale saud\u00e1vel e feliz.<\/li>\n<li><strong>Sa\u00fade e problemas comuns<\/strong>: informa\u00e7\u00f5es sobre as condi\u00e7\u00f5es heredit\u00e1rias mais frequentes e como prevenir problemas de sa\u00fade.<\/li>\n<li><strong>Treinamento e socializa\u00e7\u00e3o<\/strong>: t\u00e9cnicas eficazes para treinar o Airedale Terrier e garantir uma conviv\u00eancia equilibrada em qualquer ambiente.<\/li>\n<\/ul>\n<p>Com este eBook, voc\u00ea ter\u00e1 em m\u00e3os um guia completo que o ajudar\u00e1 a conhecer profundamente o Airedale Terrier, oferecendo dicas e orienta\u00e7\u00f5es claras sobre como cuidar, treinar e aproveitar o melhor dessa ra\u00e7a incr\u00edvel.<\/p>\n<p>Adquira agora e transforme seu relacionamento com seu companheiro de quatro patas!<\/p>\n<p>Este produto digital est\u00e1 dispon\u00edvel para download imediato, facilitando o acesso \u00e0s informa\u00e7\u00f5es de maneira r\u00e1pida e pr\u00e1tica.<\/p>\n","protected":false},"excerpt":{"rendered":"<h2><span style=\"font-size: 14pt;\">eBook\u00a0Airedale Terrier: O Guia Definitivo para Cuidar, Treinar e Amar o Rei dos Terriers<\/span><\/h2>\n<p><strong>Detalhes do Produto:<\/strong><\/p>\n<p>eBook em PDF pronto para Leitura<br \/>\n120 P\u00e1ginas Diagramadas e Ilustradas<br \/>\n<strong>Tamanho do Arquivo:<\/strong> 8,56 MB<br \/>\n<strong>Ano Publica\u00e7\u00e3o:<\/strong> 2024<br \/>\n<strong>Autor:<\/strong> Receitas Pet<\/p>\n","protected":false},"featured_media":131,"comment_status":"open","ping_status":"closed","template":"","meta":{"_sitemap_exclude":false,"_sitemap_priority":"","_sitemap_frequency":"","site-sidebar-layout":"default","site-content-layout":"","ast-site-content-layout":"default","site-content-style":"default","site-sidebar-style":"default","ast-global-header-display":"","ast-banner-title-visibility":"","ast-main-header-display":"","ast-hfb-above-header-display":"","ast-hfb-below-header-display":"","ast-hfb-mobile-header-display":"","site-post-title":"","ast-breadcrumbs-content":"","ast-featured-img":"","footer-sml-layout":"","ast-disable-related-posts":"","theme-transparent-header-meta":"default","adv-header-id-meta":"","stick-header-meta":"default","header-above-stick-meta":"","header-main-stick-meta":"","header-below-stick-meta":"","astra-migrate-meta-layouts":"set","ast-page-background-enabled":"default","ast-page-background-meta":{"desktop":{"background-color":"var(--ast-global-color-4)","background-image":"","background-repeat":"repeat","background-position":"center center","background-size":"auto","background-attachment":"scroll","background-type":"","background-media":"","overlay-type":"","overlay-color":"","overlay-opacity":"","overlay-gradient":""},"tablet":{"background-color":"","background-image":"","background-repeat":"repeat","background-position":"center center","background-size":"auto","background-attachment":"scroll","background-type":"","background-media":"","overlay-type":"","overlay-color":"","overlay-opacity":"","overlay-gradient":""},"mobile":{"background-color":"","background-image":"","background-repeat":"repeat","background-position":"center center","background-size":"auto","background-attachment":"scroll","background-type":"","background-media":"","overlay-type":"","overlay-color":"","overlay-opacity":"","overlay-gradient":""}},"ast-content-background-meta":{"desktop":{"background-color":"var(--ast-global-color-5)","background-image":"","background-repeat":"repeat","background-position":"center center","background-size":"auto","background-attachment":"scroll","background-type":"","background-media":"","overlay-type":"","overlay-color":"","overlay-opacity":"","overlay-gradient":""},"tablet":{"background-color":"var(--ast-global-color-5)","background-image":"","background-repeat":"repeat","background-position":"center center","background-size":"auto","background-attachment":"scroll","background-type":"","background-media":"","overlay-type":"","overlay-color":"","overlay-opacity":"","overlay-gradient":""},"mobile":{"background-color":"var(--ast-global-color-5)","background-image":"","background-repeat":"repeat","background-position":"center center","background-size":"auto","background-attachment":"scroll","background-type":"","background-media":"","overlay-type":"","overlay-color":"","overlay-opacity":"","overlay-gradient":""}}},"product_brand":[],"product_cat":[15],"product_tag":[40,30,26,29,48,27,52,46,25,50,37,45,49,33,36,44,34,54,32,53,43,35,47,41,38,31,42,39,28,51],"class_list":{"0":"post-130","1":"product","2":"type-product","3":"status-publish","4":"has-post-thumbnail","6":"product_cat-ebooks-de-racas-de-caes","7":"product_tag-adestramento-airedale-terrier","8":"product_tag-alimentacao-airedale-terrier","9":"product_tag-caracteristicas-do-airedale-terrier","10":"product_tag-comportamento-airedale-terrier","11":"product_tag-comportamento-tipico-airedale-terrier","12":"product_tag-cuidados-com-airedale-terrier","13":"product_tag-cuidados-diarios-airedale-terrier","14":"product_tag-dicas-para-donos-de-airedale-terrier","15":"product_tag-ebook-airedale-terrier","16":"product_tag-ebook-completo-airedale-terrier","17":"product_tag-ebook-digital-airedale-terrier","18":"product_tag-ebook-para-criadores-de-airedale-terrier","19":"product_tag-ebook-raca-airedale-terrier","20":"product_tag-ebook-sobre-airedale-terrier","21":"product_tag-exercicios-para-airedale-terrier","22":"product_tag-filhotes-de-airedale-terrier","23":"product_tag-guia-completo-airedale-terrier","24":"product_tag-guia-de-saude-airedale-terrier","25":"product_tag-historia-do-airedale-terrier","26":"product_tag-manutencao-do-airedale-terrier","27":"product_tag-pelagem-airedale-terrier","28":"product_tag-personalidades-do-airedale-terrier","29":"product_tag-porte-fisico-airedale-terrier","30":"product_tag-problemas-de-saude-airedale-terrier","31":"product_tag-racas-de-terrier","32":"product_tag-saude-do-airedale-terrier","33":"product_tag-socializacao-airedale-terrier","34":"product_tag-temperamento-airedale-terrier","35":"product_tag-treinamento-de-airedale-terrier","36":"product_tag-treinamento-e-socializacao-airedale-terrier","37":"desktop-align-left","38":"tablet-align-left","39":"mobile-align-left","40":"ast-product-gallery-layout-horizontal-slider","41":"ast-product-gallery-with-no-image","42":"ast-product-tabs-layout-horizontal","44":"first","45":"instock","46":"featured","47":"downloadable","48":"shipping-taxable","49":"purchasable","50":"product-type-simple"},"_links":{"self":[{"href":"https:\/\/www.receitaspet.com.br\/petshop\/wp-json\/wp\/v2\/product\/130","targetHints":{"allow":["GET"]}}],"collection":[{"href":"https:\/\/www.receitaspet.com.br\/petshop\/wp-json\/wp\/v2\/product"}],"about":[{"href":"https:\/\/www.receitaspet.com.br\/petshop\/wp-json\/wp\/v2\/types\/product"}],"replies":[{"embeddable":true,"href":"https:\/\/www.receitaspet.com.br\/petshop\/wp-json\/wp\/v2\/comments?post=130"}],"wp:featuredmedia":[{"embeddable":true,"href":"https:\/\/www.receitaspet.com.br\/petshop\/wp-json\/wp\/v2\/media\/131"}],"wp:attachment":[{"href":"https:\/\/www.receitaspet.com.br\/petshop\/wp-json\/wp\/v2\/media?parent=130"}],"wp:term":[{"taxonomy":"product_brand","embeddable":true,"href":"https:\/\/www.receitaspet.com.br\/petshop\/wp-json\/wp\/v2\/product_brand?post=130"},{"taxonomy":"product_cat","embeddable":true,"href":"https:\/\/www.receitaspet.com.br\/petshop\/wp-json\/wp\/v2\/product_cat?post=130"},{"taxonomy":"product_tag","embeddable":true,"href":"https:\/\/www.receitaspet.com.br\/petshop\/wp-json\/wp\/v2\/product_tag?post=130"}],"curies":[{"name":"wp","href":"https:\/\/api.w.org\/{rel}","templated":true}]}}