{"id":214,"date":"2024-11-09T11:39:09","date_gmt":"2024-11-09T11:39:09","guid":{"rendered":"https:\/\/www.receitaspet.com.br\/petshop\/?post_type=product&#038;p=214"},"modified":"2024-11-11T18:22:58","modified_gmt":"2024-11-11T18:22:58","slug":"ebook-norwegian-elkhound","status":"publish","type":"product","link":"https:\/\/www.receitaspet.com.br\/petshop\/produto\/ebook-norwegian-elkhound\/","title":{"rendered":"eBook Norwegian Elkhound"},"content":{"rendered":"<h2><span style=\"font-size: 14pt;\">eBook Norwegian Elkhound Guia Completo<\/span><\/h2>\n<p>O <strong><a href=\"https:\/\/www.receitaspet.com.br\/petshop\/\">Norwegian Elkhound<\/a><\/strong> \u00e9 um s\u00edmbolo de resist\u00eancia, lealdade e for\u00e7a, com uma hist\u00f3ria rica e uma personalidade marcante.<\/p>\n<p>Origin\u00e1rio das regi\u00f5es frias e montanhosas da Noruega, esse c\u00e3o foi desenvolvido para ser um ca\u00e7ador resistente e independente, capaz de rastrear grandes presas, como alces e ursos, em condi\u00e7\u00f5es extremas.<\/p>\n<p><img decoding=\"async\" class=\"aligncenter size-full wp-image-216\" src=\"https:\/\/www.receitaspet.com.br\/petshop\/wp-content\/uploads\/2024\/11\/raca-norwegian-elkhound.webp\" alt=\"\" width=\"1024\" height=\"1024\" srcset=\"https:\/\/www.receitaspet.com.br\/petshop\/wp-content\/uploads\/2024\/11\/raca-norwegian-elkhound.webp 1024w, https:\/\/www.receitaspet.com.br\/petshop\/wp-content\/uploads\/2024\/11\/raca-norwegian-elkhound-300x300.webp 300w, https:\/\/www.receitaspet.com.br\/petshop\/wp-content\/uploads\/2024\/11\/raca-norwegian-elkhound-150x150.webp 150w, https:\/\/www.receitaspet.com.br\/petshop\/wp-content\/uploads\/2024\/11\/raca-norwegian-elkhound-768x768.webp 768w, https:\/\/www.receitaspet.com.br\/petshop\/wp-content\/uploads\/2024\/11\/raca-norwegian-elkhound-600x600.webp 600w, https:\/\/www.receitaspet.com.br\/petshop\/wp-content\/uploads\/2024\/11\/raca-norwegian-elkhound-100x100.webp 100w, https:\/\/www.receitaspet.com.br\/petshop\/wp-content\/uploads\/2024\/11\/raca-norwegian-elkhound-64x64.webp 64w\" sizes=\"(max-width: 1024px) 100vw, 1024px\" \/><\/p>\n<p>Seu nome, \u201c<strong>Elkhound<\/strong>\u201d, faz refer\u00eancia ao alce (elk), uma das presas que ele ajudava a ca\u00e7ar, enquanto sua apar\u00eancia robusta e pelagem densa o tornavam ideal para os desafios do ambiente escandinavo.<\/p>\n<p>Esse guia foi criado para explorar todos os aspectos dessa ra\u00e7a \u00fanica, desde as caracter\u00edsticas f\u00edsicas e o temperamento at\u00e9 os cuidados espec\u00edficos e dicas para garantir uma conviv\u00eancia harmoniosa com o Elkhound.<\/p>\n<p><iframe title=\"YouTube video player\" src=\"https:\/\/www.youtube.com\/embed\/zg0ijj_FtAs?si=AZ2Fo9JQlXJJmwle\" width=\"560\" height=\"315\" frameborder=\"0\" allowfullscreen=\"allowfullscreen\"><\/iframe><\/p>\n<p>Se voc\u00ea est\u00e1 considerando adotar um <strong>Norwegian Elkhound<\/strong> ou j\u00e1 tem um companheiro dessa ra\u00e7a, este <strong>eBook<\/strong> ser\u00e1 seu guia completo para entender, cuidar e aproveitar ao m\u00e1ximo a conviv\u00eancia com esse c\u00e3o incr\u00edvel.<\/p>\n<p><strong>Veja o que cont\u00e9m no eBook Norwegian Elkhound:<\/strong><\/p>\n<ul>\n<li>Introdu\u00e7\u00e3o<\/li>\n<li>Caracter\u00edsticas F\u00edsicas do Norwegian Elkhound<\/li>\n<li>Hist\u00f3ria e Origem do Norwegian Elkhound<\/li>\n<li>Temperamento e Personalidade do Norwegian Elkhound<\/li>\n<li>Cuidados e Manuten\u00e7\u00e3o do Norwegian Elkhound<\/li>\n<li>Sa\u00fade e Problemas Comuns do Norwegian Elkhound<\/li>\n<li>Treinamento e Socializa\u00e7\u00e3o do Norwegian Elkhound<\/li>\n<li>Adotando ou Comprando um Norwegian Elkhound<\/li>\n<li>Dicas Especiais para Novos Donos de Norwegian Elkhound<\/li>\n<li>Curiosidades sobre o Norwegian Elkhound<\/li>\n<li>Conclus\u00e3o \u2014 Cuidando do Norwegian Elkhound com Dedica\u00e7\u00e3o e Amor<\/li>\n<\/ul>\n<p>Voc\u00ea recebe o <strong>eBook Norwegian Elkhound<\/strong>, em uma dessas op\u00e7\u00f5es: via <strong>E-mail<\/strong>, <strong>Download<\/strong> na sua conta de usu\u00e1rio ou <strong>WhatsApp<\/strong><\/p>\n<p><strong>Detalhes do Produto:<\/strong><\/p>\n<p>eBook em PDF pronto para Leitura<br \/>\n113 P\u00e1ginas Diagramadas e Ilustradas<br \/>\n<strong>Tamanho do Arquivo:<\/strong> 11,6 MB<br \/>\n<strong>Ano Publica\u00e7\u00e3o:<\/strong> 2024<br \/>\n<strong>Idioma:<\/strong> Portugu\u00eas<br \/>\n<strong>Formato:<\/strong> PDF<br \/>\n<strong>Autor:<\/strong> Receitas Pet<\/p>\n<p><a href=\"https:\/\/www.receitaspet.com.br\/sobre-nos\/\" target=\"_blank\" rel=\"noopener\">Saiba mais sobre a Receitas Pet&#8230;<\/a><\/p>\n<h3><span style=\"font-size: 14pt;\"><strong>Conhe\u00e7a o eBook Completo sobre o Norwegian Elkhound!<\/strong><\/span><\/h3>\n<p>Descubra tudo sobre o incr\u00edvel <a href=\"https:\/\/www.receitaspet.com.br\/raca-de-cachorro-norwegian-elkhound\/\" target=\"_blank\" rel=\"noopener\">Norwegian Elkhound<\/a> com nosso guia detalhado, criado especialmente para apaixonados por c\u00e3es e futuros tutores dessa ra\u00e7a leal e destemida!<\/p>\n<p>Este eBook aborda tudo o que voc\u00ea precisa saber: desde as origens hist\u00f3ricas da ra\u00e7a nas terras escandinavas at\u00e9 dicas pr\u00e1ticas de cuidados, treinamento, alimenta\u00e7\u00e3o e socializa\u00e7\u00e3o.<\/p>\n<p>Ideal para quem deseja entender profundamente o comportamento e as necessidades do Elkhound, este guia fornece informa\u00e7\u00f5es essenciais para uma conviv\u00eancia harmoniosa e feliz.<\/p>\n<p>Com cap\u00edtulos detalhados sobre personalidade, cuidados com a sa\u00fade, treinamento e curiosidades, o <strong>eBook &#8220;Norwegian Elkhound: Guia Completo da Ra\u00e7a<\/strong>&#8221; \u00e9 seu recurso definitivo para garantir o bem-estar do seu companheiro.<\/p>\n<p>Prepare-se para explorar as caracter\u00edsticas \u00fanicas desse c\u00e3o corajoso e inteligente, que j\u00e1 conquistou o cora\u00e7\u00e3o de in\u00fameras fam\u00edlias ao redor do mundo.<\/p>\n<p><strong>Adquira j\u00e1 o seu e leve seu conhecimento sobre o Norwegian Elkhound para o pr\u00f3ximo n\u00edvel!<\/strong><\/p>\n","protected":false},"excerpt":{"rendered":"<h2><span style=\"font-size: 14pt;\">eBook Norwegian Elkhound Guia Completo<\/span><\/h2>\n<p><strong>Detalhes do Produto:<\/strong><\/p>\n<p>eBook em PDF pronto para Leitura<br \/>\n113 P\u00e1ginas Diagramadas e Ilustradas<br \/>\n<strong>Tamanho do Arquivo:<\/strong> 11,6 MB<br \/>\n<strong>Ano Publica\u00e7\u00e3o:<\/strong> 2024<br \/>\n<strong>Idioma:<\/strong> Portugu\u00eas<br \/>\n<strong>Formato:<\/strong> PDF<br \/>\n<strong>Autor:<\/strong> Receitas Pet<\/p>\n","protected":false},"featured_media":217,"comment_status":"open","ping_status":"closed","template":"","meta":{"_sitemap_exclude":false,"_sitemap_priority":"","_sitemap_frequency":"","site-sidebar-layout":"default","site-content-layout":"","ast-site-content-layout":"default","site-content-style":"default","site-sidebar-style":"default","ast-global-header-display":"","ast-banner-title-visibility":"","ast-main-header-display":"","ast-hfb-above-header-display":"","ast-hfb-below-header-display":"","ast-hfb-mobile-header-display":"","site-post-title":"","ast-breadcrumbs-content":"","ast-featured-img":"","footer-sml-layout":"","ast-disable-related-posts":"","theme-transparent-header-meta":"default","adv-header-id-meta":"","stick-header-meta":"default","header-above-stick-meta":"","header-main-stick-meta":"","header-below-stick-meta":"","astra-migrate-meta-layouts":"set","ast-page-background-enabled":"default","ast-page-background-meta":{"desktop":{"background-color":"var(--ast-global-color-4)","background-image":"","background-repeat":"repeat","background-position":"center center","background-size":"auto","background-attachment":"scroll","background-type":"","background-media":"","overlay-type":"","overlay-color":"","overlay-opacity":"","overlay-gradient":""},"tablet":{"background-color":"","background-image":"","background-repeat":"repeat","background-position":"center center","background-size":"auto","background-attachment":"scroll","background-type":"","background-media":"","overlay-type":"","overlay-color":"","overlay-opacity":"","overlay-gradient":""},"mobile":{"background-color":"","background-image":"","background-repeat":"repeat","background-position":"center center","background-size":"auto","background-attachment":"scroll","background-type":"","background-media":"","overlay-type":"","overlay-color":"","overlay-opacity":"","overlay-gradient":""}},"ast-content-background-meta":{"desktop":{"background-color":"var(--ast-global-color-5)","background-image":"","background-repeat":"repeat","background-position":"center center","background-size":"auto","background-attachment":"scroll","background-type":"","background-media":"","overlay-type":"","overlay-color":"","overlay-opacity":"","overlay-gradient":""},"tablet":{"background-color":"var(--ast-global-color-5)","background-image":"","background-repeat":"repeat","background-position":"center center","background-size":"auto","background-attachment":"scroll","background-type":"","background-media":"","overlay-type":"","overlay-color":"","overlay-opacity":"","overlay-gradient":""},"mobile":{"background-color":"var(--ast-global-color-5)","background-image":"","background-repeat":"repeat","background-position":"center center","background-size":"auto","background-attachment":"scroll","background-type":"","background-media":"","overlay-type":"","overlay-color":"","overlay-opacity":"","overlay-gradient":""}}},"product_brand":[],"product_cat":[15],"product_tag":[262,275,257,272,283,281,276,269,279,274,256,266,265,284,273,255,271,282,270,278,258,260,277,263,280,261,264,267,268,259],"class_list":{"0":"post-214","1":"product","2":"type-product","3":"status-publish","4":"has-post-thumbnail","6":"product_cat-ebooks-de-racas-de-caes","7":"product_tag-alimentacao-norwegian-elkhound-adequada","8":"product_tag-cachorro-norwegian-elkhound-adestramento","9":"product_tag-cachorro-norwegian-elkhound-comportamento","10":"product_tag-cuidados-norwegian-elkhound-pelagem","11":"product_tag-cuidados-veterinarios-norwegian-elkhound","12":"product_tag-dicas-para-norwegian-elkhound","13":"product_tag-norwegian-elkhound-ambiente-ideal","14":"product_tag-norwegian-elkhound-caracteristicas-principais","15":"product_tag-norwegian-elkhound-como-cuidar","16":"product_tag-norwegian-elkhound-comportamento-natural","17":"product_tag-norwegian-elkhound-cuidados-essenciais","18":"product_tag-norwegian-elkhound-escandinavo-origem","19":"product_tag-norwegian-elkhound-exercicio-fisico-ideal","20":"product_tag-norwegian-elkhound-familia","21":"product_tag-norwegian-elkhound-faro-agucado","22":"product_tag-norwegian-elkhound-guia-completo","23":"product_tag-norwegian-elkhound-guia-do-tutor","24":"product_tag-norwegian-elkhound-guia-especializado","25":"product_tag-norwegian-elkhound-historia-completa","26":"product_tag-norwegian-elkhound-para-casas-grandes","27":"product_tag-norwegian-elkhound-para-familias","28":"product_tag-norwegian-elkhound-personalidade-protetora","29":"product_tag-norwegian-elkhound-raca-de-caca","30":"product_tag-norwegian-elkhound-raca-historica","31":"product_tag-norwegian-elkhound-raca-nordica","32":"product_tag-norwegian-elkhound-saude-e-cuidados","33":"product_tag-norwegian-elkhound-temperamento-equilibrado","34":"product_tag-pelagem-norwegian-elkhound-manutencao","35":"product_tag-socializacao-norwegian-elkhound-com-criancas","36":"product_tag-treinamento-norwegian-elkhound-dicas","37":"desktop-align-left","38":"tablet-align-left","39":"mobile-align-left","40":"ast-product-gallery-layout-horizontal-slider","41":"ast-product-gallery-with-no-image","42":"ast-product-tabs-layout-horizontal","44":"first","45":"instock","46":"featured","47":"downloadable","48":"shipping-taxable","49":"purchasable","50":"product-type-simple"},"_links":{"self":[{"href":"https:\/\/www.receitaspet.com.br\/petshop\/wp-json\/wp\/v2\/product\/214","targetHints":{"allow":["GET"]}}],"collection":[{"href":"https:\/\/www.receitaspet.com.br\/petshop\/wp-json\/wp\/v2\/product"}],"about":[{"href":"https:\/\/www.receitaspet.com.br\/petshop\/wp-json\/wp\/v2\/types\/product"}],"replies":[{"embeddable":true,"href":"https:\/\/www.receitaspet.com.br\/petshop\/wp-json\/wp\/v2\/comments?post=214"}],"wp:featuredmedia":[{"embeddable":true,"href":"https:\/\/www.receitaspet.com.br\/petshop\/wp-json\/wp\/v2\/media\/217"}],"wp:attachment":[{"href":"https:\/\/www.receitaspet.com.br\/petshop\/wp-json\/wp\/v2\/media?parent=214"}],"wp:term":[{"taxonomy":"product_brand","embeddable":true,"href":"https:\/\/www.receitaspet.com.br\/petshop\/wp-json\/wp\/v2\/product_brand?post=214"},{"taxonomy":"product_cat","embeddable":true,"href":"https:\/\/www.receitaspet.com.br\/petshop\/wp-json\/wp\/v2\/product_cat?post=214"},{"taxonomy":"product_tag","embeddable":true,"href":"https:\/\/www.receitaspet.com.br\/petshop\/wp-json\/wp\/v2\/product_tag?post=214"}],"curies":[{"name":"wp","href":"https:\/\/api.w.org\/{rel}","templated":true}]}}